{"id":351,"date":"2020-02-11T16:45:19","date_gmt":"2020-02-11T17:45:19","guid":{"rendered":"https:\/\/igbce-bielefeld.de\/?page_id=351"},"modified":"2020-02-11T16:49:54","modified_gmt":"2020-02-11T17:49:54","slug":"ag-pro-vielfalt-gegen-ausgrenzung","status":"publish","type":"page","link":"https:\/\/igbce-bielefeld.de\/?page_id=351","title":{"rendered":"AG Pro Vielfalt &#8211; gegen Ausgrenzung"},"content":{"rendered":"\t\t<div data-elementor-type=\"wp-page\" data-elementor-id=\"351\" class=\"elementor elementor-351\">\n\t\t\t\t\t\t<section class=\"elementor-section elementor-top-section elementor-element elementor-element-c209e24 elementor-section-boxed elementor-section-height-default elementor-section-height-default elementor-invisible\" data-id=\"c209e24\" data-element_type=\"section\" data-e-type=\"section\" data-settings=\"{&quot;animation&quot;:&quot;fadeInUp&quot;}\">\n\t\t\t\t\t\t<div class=\"elementor-container elementor-column-gap-default\">\n\t\t\t\t\t<div class=\"elementor-column elementor-col-100 elementor-top-column elementor-element elementor-element-7dcb2ca\" data-id=\"7dcb2ca\" data-element_type=\"column\" data-e-type=\"column\">\n\t\t\t<div class=\"elementor-widget-wrap elementor-element-populated\">\n\t\t\t\t\t\t<div class=\"elementor-element elementor-element-669fbb5 elementor-widget elementor-widget-text-editor\" data-id=\"669fbb5\" data-element_type=\"widget\" data-e-type=\"widget\" data-widget_type=\"text-editor.default\">\n\t\t\t\t<div class=\"elementor-widget-container\">\n\t\t\t\t\t\t\t\t\t<h2>Impulse f\u00fcr mehr Solidarit\u00e4t: Arbeitsgruppe Pro Vielfalt &#8211; Contra Ausgrenzung<\/h2><p>In der politischen Diskussion dieser Tage l\u00e4sst sich ohne gr\u00f6\u00dfere Schwierigkeiten eine deutliche Tendenz zur Entsolidarisierung ausmachen. Extreme Meinungen be\u00adeinflussen dabei immer mehr den gesellschaftlichen Mainstream \u2013 auch die Volksparteien richten ihren Kurs wahrnehmbar an dem extremer Populisten aus. <br \/>Die Folgen dieses Entsolidarisierungsprozesses bekommen wir als Gewerkschaft bei unserer Arbeit deutlich zu sp\u00fcren: Gewerkschaften leben von Solidarit\u00e4t und Miteinander. Deshalb k\u00f6nnen wir diese Entwicklung nicht akzeptieren und tatenlos bleiben. <br \/>Um Strategien zu erarbeiten, uns dieser Aufgabe zu stellen, haben wir in der Ortsgruppe Bielefeld diese Arbeitsgruppe ins leben gerufen. Eingeladen sind alle Mitglieder der Ortsgruppe: wir treffen uns regelm\u00e4ssig jeden zweiten Mittwoch im Monat im IGBCE \u2013 B\u00fcro bei Verdi. Im Fokus steht die Frage: Wie begegnen wir dem neuen rechten Strike in unserer Gesellschaft im Alltag, auf der Arbeit unter den Kollegen und politisch in unserer gewerkschaftlichen Arbeit?<\/p>\t\t\t\t\t\t\t\t<\/div>\n\t\t\t\t<\/div>\n\t\t\t\t\t<\/div>\n\t\t<\/div>\n\t\t\t\t\t<\/div>\n\t\t<\/section>\n\t\t\t\t<section class=\"elementor-section elementor-top-section elementor-element elementor-element-68689f4 elementor-section-boxed elementor-section-height-default elementor-section-height-default\" data-id=\"68689f4\" data-element_type=\"section\" data-e-type=\"section\">\n\t\t\t\t\t\t<div class=\"elementor-container elementor-column-gap-default\">\n\t\t\t\t\t<div class=\"elementor-column elementor-col-100 elementor-top-column elementor-element elementor-element-260a95a\" data-id=\"260a95a\" data-element_type=\"column\" data-e-type=\"column\">\n\t\t\t<div class=\"elementor-widget-wrap elementor-element-populated\">\n\t\t\t\t\t\t<div class=\"elementor-element elementor-element-767f21a elementor-widget elementor-widget-image\" data-id=\"767f21a\" data-element_type=\"widget\" data-e-type=\"widget\" data-widget_type=\"image.default\">\n\t\t\t\t<div class=\"elementor-widget-container\">\n\t\t\t\t\t\t\t\t\t\t\t\t\t\t\t<img decoding=\"async\" src=\"https:\/\/igbce-bielefeld.de\/wp-content\/uploads\/2020\/02\/IMG_08622_Mai-Plakate_k.jpg\" title=\"IMG_0862(2)_Mai Plakate_k\" alt=\"IMG_0862(2)_Mai Plakate_k\" loading=\"lazy\" \/>\t\t\t\t\t\t\t\t\t\t\t\t\t\t\t<\/div>\n\t\t\t\t<\/div>\n\t\t\t\t\t<\/div>\n\t\t<\/div>\n\t\t\t\t\t<\/div>\n\t\t<\/section>\n\t\t\t\t<\/div>\n\t\t","protected":false},"excerpt":{"rendered":"<p>Impulse f\u00fcr mehr Solidarit\u00e4t: Arbeitsgruppe Pro Vielfalt &#8211; Contra Ausgrenzung In der politischen Diskussion dieser Tage l\u00e4sst sich ohne gr\u00f6\u00dfere Schwierigkeiten eine deutliche Tendenz zur Entsolidarisierung ausmachen. Extreme Meinungen be\u00adeinflussen &hellip; <\/p>\n<p class=\"link-more\"><a href=\"https:\/\/igbce-bielefeld.de\/?page_id=351\" class=\"more-link\"><span class=\"screen-reader-text\">\u201eAG Pro Vielfalt &#8211; gegen Ausgrenzung\u201c<\/span> weiterlesen<\/a><\/p>\n","protected":false},"author":2,"featured_media":0,"parent":0,"menu_order":0,"comment_status":"closed","ping_status":"closed","template":"","meta":{"footnotes":""},"class_list":["post-351","page","type-page","status-publish","hentry"],"_links":{"self":[{"href":"https:\/\/igbce-bielefeld.de\/index.php?rest_route=\/wp\/v2\/pages\/351","targetHints":{"allow":["GET"]}}],"collection":[{"href":"https:\/\/igbce-bielefeld.de\/index.php?rest_route=\/wp\/v2\/pages"}],"about":[{"href":"https:\/\/igbce-bielefeld.de\/index.php?rest_route=\/wp\/v2\/types\/page"}],"author":[{"embeddable":true,"href":"https:\/\/igbce-bielefeld.de\/index.php?rest_route=\/wp\/v2\/users\/2"}],"replies":[{"embeddable":true,"href":"https:\/\/igbce-bielefeld.de\/index.php?rest_route=%2Fwp%2Fv2%2Fcomments&post=351"}],"version-history":[{"count":2,"href":"https:\/\/igbce-bielefeld.de\/index.php?rest_route=\/wp\/v2\/pages\/351\/revisions"}],"predecessor-version":[{"id":356,"href":"https:\/\/igbce-bielefeld.de\/index.php?rest_route=\/wp\/v2\/pages\/351\/revisions\/356"}],"wp:attachment":[{"href":"https:\/\/igbce-bielefeld.de\/index.php?rest_route=%2Fwp%2Fv2%2Fmedia&parent=351"}],"curies":[{"name":"wp","href":"https:\/\/api.w.org\/{rel}","templated":true}]}}