{"id":18,"date":"2019-09-12T07:27:55","date_gmt":"2019-09-12T08:27:55","guid":{"rendered":"http:\/\/igbce-bielefeld.de\/?page_id=18"},"modified":"2024-05-12T17:36:48","modified_gmt":"2024-05-12T18:36:48","slug":"kontakt","status":"publish","type":"page","link":"https:\/\/igbce-bielefeld.de\/?page_id=18","title":{"rendered":"Kontakt"},"content":{"rendered":"\t\t<div data-elementor-type=\"wp-page\" data-elementor-id=\"18\" class=\"elementor elementor-18\">\n\t\t\t\t\t\t<section class=\"elementor-section elementor-top-section elementor-element elementor-element-b7c9c9f elementor-section-boxed elementor-section-height-default elementor-section-height-default elementor-invisible\" data-id=\"b7c9c9f\" data-element_type=\"section\" data-e-type=\"section\" data-settings=\"{&quot;animation&quot;:&quot;fadeInUp&quot;}\">\n\t\t\t\t\t\t<div class=\"elementor-container elementor-column-gap-default\">\n\t\t\t\t\t<div class=\"elementor-column elementor-col-100 elementor-top-column elementor-element elementor-element-f2020e9\" data-id=\"f2020e9\" data-element_type=\"column\" data-e-type=\"column\">\n\t\t\t<div class=\"elementor-widget-wrap\">\n\t\t\t\t\t\t\t<\/div>\n\t\t<\/div>\n\t\t\t\t\t<\/div>\n\t\t<\/section>\n\t\t\t\t<section class=\"elementor-section elementor-top-section elementor-element elementor-element-68c8d74 elementor-section-boxed elementor-section-height-default elementor-section-height-default\" data-id=\"68c8d74\" data-element_type=\"section\" data-e-type=\"section\">\n\t\t\t\t\t\t<div class=\"elementor-container elementor-column-gap-default\">\n\t\t\t\t\t<div class=\"elementor-column elementor-col-100 elementor-top-column elementor-element elementor-element-19f5548\" data-id=\"19f5548\" data-element_type=\"column\" data-e-type=\"column\">\n\t\t\t<div class=\"elementor-widget-wrap elementor-element-populated\">\n\t\t\t\t\t\t<div class=\"elementor-element elementor-element-4d6fb75 elementor-widget elementor-widget-image\" data-id=\"4d6fb75\" data-element_type=\"widget\" data-e-type=\"widget\" data-widget_type=\"image.default\">\n\t\t\t\t<div class=\"elementor-widget-container\">\n\t\t\t\t\t\t\t\t\t\t\t\t\t\t\t<img fetchpriority=\"high\" decoding=\"async\" width=\"525\" height=\"193\" src=\"https:\/\/igbce-bielefeld.de\/wp-content\/uploads\/2024\/05\/20230315_Vorsitzung-scaled-e1715538966879-1024x377.jpg\" class=\"attachment-large size-large wp-image-1231\" alt=\"\" srcset=\"https:\/\/igbce-bielefeld.de\/wp-content\/uploads\/2024\/05\/20230315_Vorsitzung-scaled-e1715538966879-1024x377.jpg 1024w, https:\/\/igbce-bielefeld.de\/wp-content\/uploads\/2024\/05\/20230315_Vorsitzung-scaled-e1715538966879-300x110.jpg 300w, https:\/\/igbce-bielefeld.de\/wp-content\/uploads\/2024\/05\/20230315_Vorsitzung-scaled-e1715538966879-768x283.jpg 768w, https:\/\/igbce-bielefeld.de\/wp-content\/uploads\/2024\/05\/20230315_Vorsitzung-scaled-e1715538966879-1536x565.jpg 1536w, https:\/\/igbce-bielefeld.de\/wp-content\/uploads\/2024\/05\/20230315_Vorsitzung-scaled-e1715538966879-2048x754.jpg 2048w\" sizes=\"100vw\" \/>\t\t\t\t\t\t\t\t\t\t\t\t\t\t\t<\/div>\n\t\t\t\t<\/div>\n\t\t\t\t<div class=\"elementor-element elementor-element-1cb682d elementor-widget elementor-widget-text-editor\" data-id=\"1cb682d\" data-element_type=\"widget\" data-e-type=\"widget\" data-widget_type=\"text-editor.default\">\n\t\t\t\t<div class=\"elementor-widget-container\">\n\t\t\t\t\t\t\t\t\t<p>IG BCE Ortsgruppe Bielefeld &#8211; <br \/>Medienrechtlich verantwortlich:<br \/><br \/>Gabriele Otte<br \/>Regionalb\u00fcro Bielefeld <br \/>Oelm\u00fchlenstra\u00dfe 57<br \/>33604 Bielefeld, NRW <br \/><br \/>Telefon:\u00a0 0521\/2371977 (Anrufbeantworter)<br \/>E-Mail: <a href=\"mailto:Vorstand@igbce-bielefeld.de\">vorstand@igbce-bielefeld.de<\/a><\/p><p>Zur Rechtsberatung vereinbart bitte einen Termin mit unserem <b>Bezirkssekret\u00e4r Oliver Langkau <\/b>\u00fcber das Bezirksb\u00fcro der IGBCE in Hamm &#8211; <strong>Tel. 02381\/921171<\/strong>.\u00a0<\/p><p>Bitte wendet euch bei allen Angelegenheiten betreffend eurer Mitgliedschaft (z. B. von Adresse oder Kontonummer) direkt an das <strong>Bezirksb\u00fcro: <\/strong><\/p><p>59065 Hamm <br \/>Willy-Brandt-Platz 7<b> <br \/>Tel: 02381\/921170<\/b><\/p><p><strong>B\u00fcrozeiten<\/strong>:<br \/>Montag; Mittwoch; Donnerstag von 08:00 Uhr bis 16:00 Uhr.<br \/>Freitag von 08:00 Uhr bis 13:00Uhr.<\/p>\t\t\t\t\t\t\t\t<\/div>\n\t\t\t\t<\/div>\n\t\t\t\t\t<\/div>\n\t\t<\/div>\n\t\t\t\t\t<\/div>\n\t\t<\/section>\n\t\t\t\t<section class=\"elementor-section elementor-top-section elementor-element elementor-element-03664c4 elementor-section-boxed elementor-section-height-default elementor-section-height-default elementor-invisible\" data-id=\"03664c4\" data-element_type=\"section\" data-e-type=\"section\" data-settings=\"{&quot;animation&quot;:&quot;fadeInUp&quot;,&quot;animation_delay&quot;:500}\">\n\t\t\t\t\t\t<div class=\"elementor-container elementor-column-gap-default\">\n\t\t\t\t\t<div class=\"elementor-column elementor-col-100 elementor-top-column elementor-element elementor-element-250303e\" data-id=\"250303e\" data-element_type=\"column\" data-e-type=\"column\">\n\t\t\t<div class=\"elementor-widget-wrap elementor-element-populated\">\n\t\t\t\t\t\t<div class=\"elementor-element elementor-element-39353f3 elementor-widget elementor-widget-text-editor\" data-id=\"39353f3\" data-element_type=\"widget\" data-e-type=\"widget\" data-widget_type=\"text-editor.default\">\n\t\t\t\t<div class=\"elementor-widget-container\">\n\t\t\t\t\t\t\t\t\t<p>M\u00f6chtest Du weitere Mitglieder des Vorstands der Ortsgruppe Bielefeld kontaktieren?<\/p><p>Hier sind die Adressen:<\/p><p>E-Mail:<a href=\"mailto:vorsitzende@igbce-bielefeld.de\">vorsitzende@igbce-bielefeld.de<\/a><\/p><p>E-Mail:<a href=\"mailto:Kassierer@igbce-bielefeld.de\">kassierer@igbce-bielefeld.de<\/a><\/p><p>E-Mail:<a href=\"mailto:Bildung@igbce-bielefeld.de\">bildung@igbce-bielefeld.de<\/a><\/p>\t\t\t\t\t\t\t\t<\/div>\n\t\t\t\t<\/div>\n\t\t\t\t\t<\/div>\n\t\t<\/div>\n\t\t\t\t\t<\/div>\n\t\t<\/section>\n\t\t\t\t<\/div>\n\t\t","protected":false},"excerpt":{"rendered":"<p>IG BCE Ortsgruppe Bielefeld &#8211; Medienrechtlich verantwortlich: Gabriele OtteRegionalb\u00fcro Bielefeld Oelm\u00fchlenstra\u00dfe 5733604 Bielefeld, NRW Telefon:\u00a0 0521\/2371977 (Anrufbeantworter)E-Mail: vorstand@igbce-bielefeld.de Zur Rechtsberatung vereinbart bitte einen Termin mit unserem Bezirkssekret\u00e4r Oliver Langkau \u00fcber &hellip; <\/p>\n<p class=\"link-more\"><a href=\"https:\/\/igbce-bielefeld.de\/?page_id=18\" class=\"more-link\"><span class=\"screen-reader-text\">\u201eKontakt\u201c<\/span> weiterlesen<\/a><\/p>\n","protected":false},"author":1,"featured_media":0,"parent":0,"menu_order":0,"comment_status":"closed","ping_status":"closed","template":"","meta":{"footnotes":""},"class_list":["post-18","page","type-page","status-publish","hentry"],"_links":{"self":[{"href":"https:\/\/igbce-bielefeld.de\/index.php?rest_route=\/wp\/v2\/pages\/18","targetHints":{"allow":["GET"]}}],"collection":[{"href":"https:\/\/igbce-bielefeld.de\/index.php?rest_route=\/wp\/v2\/pages"}],"about":[{"href":"https:\/\/igbce-bielefeld.de\/index.php?rest_route=\/wp\/v2\/types\/page"}],"author":[{"embeddable":true,"href":"https:\/\/igbce-bielefeld.de\/index.php?rest_route=\/wp\/v2\/users\/1"}],"replies":[{"embeddable":true,"href":"https:\/\/igbce-bielefeld.de\/index.php?rest_route=%2Fwp%2Fv2%2Fcomments&post=18"}],"version-history":[{"count":35,"href":"https:\/\/igbce-bielefeld.de\/index.php?rest_route=\/wp\/v2\/pages\/18\/revisions"}],"predecessor-version":[{"id":1234,"href":"https:\/\/igbce-bielefeld.de\/index.php?rest_route=\/wp\/v2\/pages\/18\/revisions\/1234"}],"wp:attachment":[{"href":"https:\/\/igbce-bielefeld.de\/index.php?rest_route=%2Fwp%2Fv2%2Fmedia&parent=18"}],"curies":[{"name":"wp","href":"https:\/\/api.w.org\/{rel}","templated":true}]}}

<div data-elementor-type="wp-page" data-elementor-id="18" class="elementor elementor-18">
						<section class="elementor-section elementor-top-section elementor-element elementor-element-b7c9c9f elementor-section-boxed elementor-section-height-default elementor-section-height-default elementor-invisible" data-id="b7c9c9f" data-element_type="section" data-e-type="section" data-settings="{&quot;animation&quot;:&quot;fadeInUp&quot;}">
						<div class="elementor-container elementor-column-gap-default">
					<div class="elementor-column elementor-col-100 elementor-top-column elementor-element elementor-element-f2020e9" data-id="f2020e9" data-element_type="column" data-e-type="column">
			<div class="elementor-widget-wrap">
							</div>
		</div>
					</div>
		</section>
				<section class="elementor-section elementor-top-section elementor-element elementor-element-68c8d74 elementor-section-boxed elementor-section-height-default elementor-section-height-default" data-id="68c8d74" data-element_type="section" data-e-type="section">
						<div class="elementor-container elementor-column-gap-default">
					<div class="elementor-column elementor-col-100 elementor-top-column elementor-element elementor-element-19f5548" data-id="19f5548" data-element_type="column" data-e-type="column">
			<div class="elementor-widget-wrap elementor-element-populated">
						<div class="elementor-element elementor-element-4d6fb75 elementor-widget elementor-widget-image" data-id="4d6fb75" data-element_type="widget" data-e-type="widget" data-widget_type="image.default">
				<div class="elementor-widget-container">
															<img fetchpriority="high" decoding="async" width="525" height="193" src="https://igbce-bielefeld.de/wp-content/uploads/2024/05/20230315_Vorsitzung-scaled-e1715538966879-1024x377.jpg" class="attachment-large size-large wp-image-1231" alt="" srcset="https://igbce-bielefeld.de/wp-content/uploads/2024/05/20230315_Vorsitzung-scaled-e1715538966879-1024x377.jpg 1024w, https://igbce-bielefeld.de/wp-content/uploads/2024/05/20230315_Vorsitzung-scaled-e1715538966879-300x110.jpg 300w, https://igbce-bielefeld.de/wp-content/uploads/2024/05/20230315_Vorsitzung-scaled-e1715538966879-768x283.jpg 768w, https://igbce-bielefeld.de/wp-content/uploads/2024/05/20230315_Vorsitzung-scaled-e1715538966879-1536x565.jpg 1536w, https://igbce-bielefeld.de/wp-content/uploads/2024/05/20230315_Vorsitzung-scaled-e1715538966879-2048x754.jpg 2048w" sizes="100vw" />															</div>
				</div>
				<div class="elementor-element elementor-element-1cb682d elementor-widget elementor-widget-text-editor" data-id="1cb682d" data-element_type="widget" data-e-type="widget" data-widget_type="text-editor.default">
				<div class="elementor-widget-container">
									<p>IG BCE Ortsgruppe Bielefeld &#8211; <br />Medienrechtlich verantwortlich:<br /><br />Gabriele Otte<br />Regionalbüro Bielefeld <br />Oelmühlenstraße 57<br />33604 Bielefeld, NRW <br /><br />Telefon:  0521/2371977 (Anrufbeantworter)<br />E-Mail: <a href="mailto:Vorstand@igbce-bielefeld.de">vorstand@igbce-bielefeld.de</a></p><p>Zur Rechtsberatung vereinbart bitte einen Termin mit unserem <b>Bezirkssekretär Oliver Langkau </b>über das Bezirksbüro der IGBCE in Hamm &#8211; <strong>Tel. 02381/921171</strong>. </p><p>Bitte wendet euch bei allen Angelegenheiten betreffend eurer Mitgliedschaft (z. B. von Adresse oder Kontonummer) direkt an das <strong>Bezirksbüro: </strong></p><p>59065 Hamm <br />Willy-Brandt-Platz 7<b> <br />Tel: 02381/921170</b></p><p><strong>Bürozeiten</strong>:<br />Montag; Mittwoch; Donnerstag von 08:00 Uhr bis 16:00 Uhr.<br />Freitag von 08:00 Uhr bis 13:00Uhr.</p>								</div>
				</div>
					</div>
		</div>
					</div>
		</section>
				<section class="elementor-section elementor-top-section elementor-element elementor-element-03664c4 elementor-section-boxed elementor-section-height-default elementor-section-height-default elementor-invisible" data-id="03664c4" data-element_type="section" data-e-type="section" data-settings="{&quot;animation&quot;:&quot;fadeInUp&quot;,&quot;animation_delay&quot;:500}">
						<div class="elementor-container elementor-column-gap-default">
					<div class="elementor-column elementor-col-100 elementor-top-column elementor-element elementor-element-250303e" data-id="250303e" data-element_type="column" data-e-type="column">
			<div class="elementor-widget-wrap elementor-element-populated">
						<div class="elementor-element elementor-element-39353f3 elementor-widget elementor-widget-text-editor" data-id="39353f3" data-element_type="widget" data-e-type="widget" data-widget_type="text-editor.default">
				<div class="elementor-widget-container">
									<p>Möchtest Du weitere Mitglieder des Vorstands der Ortsgruppe Bielefeld kontaktieren?</p><p>Hier sind die Adressen:</p><p>E-Mail:<a href="mailto:vorsitzende@igbce-bielefeld.de">vorsitzende@igbce-bielefeld.de</a></p><p>E-Mail:<a href="mailto:Kassierer@igbce-bielefeld.de">kassierer@igbce-bielefeld.de</a></p><p>E-Mail:<a href="mailto:Bildung@igbce-bielefeld.de">bildung@igbce-bielefeld.de</a></p>								</div>
				</div>
					</div>
		</div>
					</div>
		</section>
				</div>

<p>IG BCE Ortsgruppe Bielefeld &#8211; Medienrechtlich verantwortlich: Gabriele OtteRegionalbüro Bielefeld Oelmühlenstraße 5733604 Bielefeld, NRW Telefon:  0521/2371977 (Anrufbeantworter)E-Mail: vorstand@igbce-bielefeld.de Zur Rechtsberatung vereinbart bitte einen Termin mit unserem Bezirkssekretär Oliver Langkau über &hellip; </p>
<p class="link-more"><a href="https://igbce-bielefeld.de/?page_id=18" class="more-link"><span class="screen-reader-text">„Kontakt“</span> weiterlesen</a></p>
